{"id":128,"date":"2024-03-22T16:19:44","date_gmt":"2024-03-22T16:19:44","guid":{"rendered":"https:\/\/cedeep.org\/?page_id=128"},"modified":"2026-01-07T11:07:02","modified_gmt":"2026-01-07T16:07:02","slug":"a-propos-de-nous","status":"publish","type":"page","link":"https:\/\/cedeep.org\/index.php\/a-propos-de-nous\/","title":{"rendered":"\u00c0 propos de nous"},"content":{"rendered":"\n<h2 class=\"wp-block-heading\">\u00c0 propos de nous<\/h2>\n\n\n\n<p>Le Comit\u00e9 des \u00e9tudiant\u2219es en double DEC en Environnement et Enjeux Plan\u00e9taires (C\u00c9DEEP) est une organisation sans but lucratif cr\u00e9\u00e9e et g\u00e9r\u00e9e par les \u00e9tudiant.es du double DEC Environnement et Enjeux Plan\u00e9taires du Coll\u00e8ge de Maisonneuve. Il sert \u00e0 organsier et g\u00e9rer les activit\u00e9s extrascolaires \u00e0 vis\u00e9s \u00e9coresponsables de ses membres.  <\/p>\n\n\n\n<div data-wp-context=\"{ &quot;autoclose&quot;: false, &quot;accordionItems&quot;: [] }\" data-wp-interactive=\"core\/accordion\" role=\"group\" class=\"wp-block-accordion is-layout-flow wp-block-accordion-is-layout-flow\">\n<div data-wp-class--is-open=\"state.isOpen\" data-wp-context=\"{ &quot;id&quot;: &quot;accordion-item-1&quot;, &quot;openByDefault&quot;: false }\" data-wp-init=\"callbacks.initAccordionItems\" data-wp-on-window--hashchange=\"callbacks.hashChange\" class=\"wp-block-accordion-item is-layout-flow wp-block-accordion-item-is-layout-flow\">\n<h3 class=\"wp-block-accordion-heading\"><button aria-expanded=\"false\" aria-controls=\"accordion-item-1-panel\" data-wp-bind--aria-expanded=\"state.isOpen\" data-wp-on--click=\"actions.toggle\" data-wp-on--keydown=\"actions.handleKeyDown\" id=\"accordion-item-1\" class=\"wp-block-accordion-heading__toggle\"><span class=\"wp-block-accordion-heading__toggle-title\">Mission<\/span><span class=\"wp-block-accordion-heading__toggle-icon\" aria-hidden=\"true\">+<\/span><\/button><\/h3>\n\n\n\n<div inert aria-labelledby=\"accordion-item-1\" data-wp-bind--inert=\"!state.isOpen\" id=\"accordion-item-1-panel\" role=\"region\" class=\"wp-block-accordion-panel is-layout-flow wp-block-accordion-panel-is-layout-flow\">\n<p>Le C\u00c9DEEP a pour mission de participer au d\u00e9veloppement et \u00e0 l&#8217;am\u00e9lioration du<a href=\"https:\/\/www.cmaisonneuve.qc.ca\/programme\/double-dec-environnement-enjeux-planetaires\/#presentation_programme\" data-type=\"link\" data-id=\"https:\/\/www.cmaisonneuve.qc.ca\/programme\/double-dec-environnement-enjeux-planetaires\/#presentation_programme\">Double DEC environnement et enjeux plan\u00e9taires du Coll\u00e8ge de Maisonneuve<\/a>, ainsi qu&#8217;\u00e0 l&#8217;implantation d&#8217;initiatives \u00e0 vis\u00e9es environnementales au Coll\u00e8ge et dans la communaut\u00e9. Il doit aussi favoriser le discours d\u00e9mocratique en plus d&#8217;y participer au sein du programme, de l&#8217;\u00e9cole et de la communaut\u00e9.<\/p>\n<\/div>\n<\/div>\n<\/div>\n\n\n\n<div data-wp-context=\"{ &quot;autoclose&quot;: false, &quot;accordionItems&quot;: [] }\" data-wp-interactive=\"core\/accordion\" role=\"group\" class=\"wp-block-accordion is-layout-flow wp-block-accordion-is-layout-flow\">\n<div data-wp-class--is-open=\"state.isOpen\" data-wp-context=\"{ &quot;id&quot;: &quot;accordion-item-2&quot;, &quot;openByDefault&quot;: false }\" data-wp-init=\"callbacks.initAccordionItems\" data-wp-on-window--hashchange=\"callbacks.hashChange\" class=\"wp-block-accordion-item is-layout-flow wp-block-accordion-item-is-layout-flow\">\n<h3 class=\"wp-block-accordion-heading\"><button aria-expanded=\"false\" aria-controls=\"accordion-item-2-panel\" data-wp-bind--aria-expanded=\"state.isOpen\" data-wp-on--click=\"actions.toggle\" data-wp-on--keydown=\"actions.handleKeyDown\" id=\"accordion-item-2\" class=\"wp-block-accordion-heading__toggle\"><span class=\"wp-block-accordion-heading__toggle-title\">Vision<\/span><span class=\"wp-block-accordion-heading__toggle-icon\" aria-hidden=\"true\">+<\/span><\/button><\/h3>\n\n\n\n<div inert aria-labelledby=\"accordion-item-2\" data-wp-bind--inert=\"!state.isOpen\" id=\"accordion-item-2-panel\" role=\"region\" class=\"wp-block-accordion-panel is-layout-flow wp-block-accordion-panel-is-layout-flow\">\n<p>Au C\u00c9DEEP, nous croyons \u00e0 un futur dans lequel le Double DEC est un programme autosuffisant, se distinguant des d\u00e9partements sciences humaines et naturelles, sans perdre ce qu&#8217;apporte la vision combin\u00e9e de ces deux programmes. Ses cours sont ax\u00e9s sur l&#8217;environnement et ouverts \u00e0 tous ceux d\u00e9sireux de les suivre. Chaque d\u00e9partement accceuillant le programme prend soin de d\u00e9velopper ses cours en gardant l&#8217;esprit l&#8217;importance de traiter les enjeux plan\u00e9taires. Ses cours sont aussi attendus par des \u00e9tudiant.e.s issu.e.s des sciences humaines et naturelles. Ses \u00e9tudiant.e.s sont nombreux.es, engag\u00e9.e.s et ont tous les outils \u00e0 leur disposition pour pouvoir faire une diff\u00e9rence que ce soit au Coll\u00e8ge ou \u00e0 l&#8217;ext\u00e9rieur de celui-ci.<\/p>\n<\/div>\n<\/div>\n<\/div>\n\n\n\n<div data-wp-context=\"{ &quot;autoclose&quot;: false, &quot;accordionItems&quot;: [] }\" data-wp-interactive=\"core\/accordion\" role=\"group\" class=\"wp-block-accordion is-layout-flow wp-block-accordion-is-layout-flow\">\n<div data-wp-class--is-open=\"state.isOpen\" data-wp-context=\"{ &quot;id&quot;: &quot;accordion-item-3&quot;, &quot;openByDefault&quot;: false }\" data-wp-init=\"callbacks.initAccordionItems\" data-wp-on-window--hashchange=\"callbacks.hashChange\" class=\"wp-block-accordion-item is-layout-flow wp-block-accordion-item-is-layout-flow\">\n<h3 class=\"wp-block-accordion-heading\"><button aria-expanded=\"false\" aria-controls=\"accordion-item-3-panel\" data-wp-bind--aria-expanded=\"state.isOpen\" data-wp-on--click=\"actions.toggle\" data-wp-on--keydown=\"actions.handleKeyDown\" id=\"accordion-item-3\" class=\"wp-block-accordion-heading__toggle\"><span class=\"wp-block-accordion-heading__toggle-title\">Valeurs<\/span><span class=\"wp-block-accordion-heading__toggle-icon\" aria-hidden=\"true\">+<\/span><\/button><\/h3>\n\n\n\n<div inert aria-labelledby=\"accordion-item-3\" data-wp-bind--inert=\"!state.isOpen\" id=\"accordion-item-3-panel\" role=\"region\" class=\"wp-block-accordion-panel is-layout-flow wp-block-accordion-panel-is-layout-flow\">\n<p><strong>Inclusivit\u00e9<\/strong> : Le C\u00c9DEEP reconnait l&#8217;importance de l&#8217;inclusivit\u00e9. C&#8217;est pour cela que nous travaillons \u00e0 \u00e9viter toute forme de discrimination et, comme pr\u00e9ciser dans notre mission, \u00e0 rendre notre programme et nos cours admissibles \u00e0 celleux qui d\u00e9sirent \u00e9tudier en environnement.<\/p>\n\n\n\n<p><strong>D\u00e9mocratie<\/strong> : Le C\u00c9DEEP a pour mission de promouvoir la d\u00e9mocratie. Le comit\u00e9 s&#8217;engage \u00e0 prendre des d\u00e9cisions de fa\u00e7on d\u00e9mocratique et agir de fa\u00e7on \u00e0 promouvoir la d\u00e9mocratie dans le Coll\u00e8ge et \u00e0 l&#8217;ext\u00e9rieur de celui-ci.<\/p>\n\n\n\n<p><strong>\u00c9ducation<\/strong> : Le C\u00c9DEEP est lanc\u00e9 et \u00e9volue dans un milieu scolaire. Il doit donc viser \u00e0 l&#8217;\u00e9ducation de ses membres et de la communaut\u00e9 au sujet des enjeux environnementaux et sociaux<\/p>\n\n\n\n<p><strong>Environnement<\/strong> : Dans la continuit\u00e9 de l&#8217;esprit Double Dec, le C\u00c9DEEP a \u00e0 coeur la protection de l&#8217;environnement et la lutte contre les changements climatiques. C&#8217;est pour cela que nous veillerons \u00e0 limiter l&#8217;impact de nos projets sur l&#8217;environnements.<\/p>\n\n\n\n<p><strong>Solidarit\u00e9<\/strong> : Le C\u00c9DEEP reconnait l&#8217;importance du travail d&#8217;\u00e9quipe et du soutien mutuel pour l&#8217;atteinte des objectifs. C&#8217;est donc pour cela que ses membres s&#8217;engagents \u00e0 faire preuve de solidarit\u00e9 entre elleux, et avec tous les autres interventants qu&#8217;iels c\u00f4toieront. Iels seront ouvert.e.s, solidaire et pr\u00eat.e.s \u00e0 d\u00e9fendre les causes qu&#8217;iels jugent justes.<\/p>\n<\/div>\n<\/div>\n<\/div>\n\n\n\n<p><\/p>\n","protected":false},"excerpt":{"rendered":"<p>\u00c0 propos de nous Le Comit\u00e9 des \u00e9tudiant\u2219es en double DEC en Environnement et Enjeux Plan\u00e9taires (C\u00c9DEEP) est une organisation sans but lucratif cr\u00e9\u00e9e et g\u00e9r\u00e9e par les \u00e9tudiant.es du double DEC Environnement et Enjeux Plan\u00e9taires du Coll\u00e8ge de Maisonneuve. Il sert \u00e0 organsier et g\u00e9rer les activit\u00e9s extrascolaires \u00e0 vis\u00e9s \u00e9coresponsables de ses membres.<\/p>\n","protected":false},"author":1,"featured_media":0,"parent":0,"menu_order":0,"comment_status":"closed","ping_status":"closed","template":"","meta":{"_acf_changed":false,"footnotes":""},"class_list":["post-128","page","type-page","status-publish","hentry"],"acf":[],"_links":{"self":[{"href":"https:\/\/cedeep.org\/index.php\/wp-json\/wp\/v2\/pages\/128","targetHints":{"allow":["GET"]}}],"collection":[{"href":"https:\/\/cedeep.org\/index.php\/wp-json\/wp\/v2\/pages"}],"about":[{"href":"https:\/\/cedeep.org\/index.php\/wp-json\/wp\/v2\/types\/page"}],"author":[{"embeddable":true,"href":"https:\/\/cedeep.org\/index.php\/wp-json\/wp\/v2\/users\/1"}],"replies":[{"embeddable":true,"href":"https:\/\/cedeep.org\/index.php\/wp-json\/wp\/v2\/comments?post=128"}],"version-history":[{"count":6,"href":"https:\/\/cedeep.org\/index.php\/wp-json\/wp\/v2\/pages\/128\/revisions"}],"predecessor-version":[{"id":302,"href":"https:\/\/cedeep.org\/index.php\/wp-json\/wp\/v2\/pages\/128\/revisions\/302"}],"wp:attachment":[{"href":"https:\/\/cedeep.org\/index.php\/wp-json\/wp\/v2\/media?parent=128"}],"curies":[{"name":"wp","href":"https:\/\/api.w.org\/{rel}","templated":true}]}}